1920712 = -66*y. Is y a composite number?
False
Suppose -b + 924*w + 43489 = 919*w, -4*w - 130511 = -3*b. Is b prime?
False
Suppose 4*b - 26 = -s + 193, 9 = 3*s. Suppose 0 = -5*v + b - 54. Suppose 5*z - 3*h - 10255 = -v*z, -z = 4*h - 2051. Is z a composite number?
True
Let n = -815 + 4933. Let r be n*((-15)/(-6))/5. Suppose 6*v - 16043 - r = 0. Is v composite?
True
Is ((-13)/(-52) + (-5)/4)/(1/(-64301)) composite?
False
Is (-34876*3/(-11 + 71))/((-1)/5) prime?
True
Suppose 9 = 4*w - 7*w - 3*n, n + 15 = 5*w. Is w*-998*(-7 + 216/32) composite?
False
Suppose 7*a = 13*a - 30. Suppose a*z + 12676 = 2*n - 1910, 2*n = -4*z + 14550. Is n composite?
False
Let f(z) = -1913*z + 307. Is f(-8) composite?
True
Let s = 8237 - 5046. Is s composite?
False
Let b(d) = 489*d - 41. Let c(t) be the first derivative of -245*t**2/2 + 21*t - 50. Let l(u) = -6*b(u) - 13*c(u). Is l(4) composite?
False
Is 425316/9 + -6 - (-20)/(-60) a prime number?
True
Let z = 72 - 71. Suppose -y = -0 + z. Is ((-44648)/(-32))/(y/(-4)) a prime number?
True
Suppose 4*a + 4*q - 20 = 0, -3*q - q = -4*a + 12. Let c(j) = 68*j + 3*j**2 + 19 - 38*j - a*j**3 - 29*j + 2*j**3. Is c(-5) a prime number?
False
Let p(m) be the third derivative of 47*m**5/60 + 4*m**4/3 + m**3/3 - 67*m**2. Is p(5) prime?
False
Let m(g) = g**3 - 2*g**2 - 12*g + 13. Let n(t) = 1. Let v(k) = m(k) + 4*n(k). Suppose 0 = -2*y + 6, -5*y + 39 = 27*r - 23*r. Is v(r) a composite number?
False
Let d(u) = u**3 + 3*u**2 - 2. Let g be d(2). Is 3869 + (-12)/g*9 composite?
False
Let j(x) be the second derivative of 7427*x**3/6 - 5*x**2 + 58*x. Is j(3) a composite number?
False
Let t be (-5)/(-6)*-2*(-4 + 1). Suppose 20 = -k + t*k. Let f = 38 - k. Is f a prime number?
False
Let z = -33 - -49. Suppose -16 + z = -s. Suppose s = 10*c - 7*c - 1095. Is c a composite number?
True
Let j(v) = 27*v - 38 + 64 + 54 - 150*v. Is j(-6) a composite number?
True
Suppose 3825*s - 2638184 = 3817*s. Is s composite?
False
Let c(i) = 3*i**3 - 23*i**2 - 11*i + 23. Suppose 121 = -4*w + 185. Is c(w) prime?
True
Suppose 275*n = 268*n + 94619. Is n a prime number?
False
Is (2503188 - 120)*1/4 a composite number?
True
Suppose 4*g - 13 = -5*w, -w - 5*g + 5 = 3*w. Suppose 2*r + 2*o = r + 207, w*r = o + 1057. Is r a composite number?
False
Is ((-10)/(-4))/((-610)/(-184186084)) composite?
False
Suppose 32*m + 5*p - 2*p = 5792614, 0 = m - p - 181017. Is m prime?
True
Suppose -8*d + 46 + 18 = 0. Is (2 - -335)/(d/24) a prime number?
False
Suppose 0 = -135*i - 6351241 + 20741026. Is i composite?
False
Let p be (3/5*-1)/(25/(-125)). Suppose 2*k = 0, p*x = 7*x - 3*k - 11108. Is x a prime number?
True
Suppose -4*k - 3 = -2*q + 37, -k - 4*q + 8 = 0. Let l(o) = -11*o**2 - 7820 - o + 7827 + 0*o**2 + 7*o - 3*o**3. Is l(k) prime?
False
Let l(i) = 611*i**2 + 31*i + 437. Is l(21) prime?
True
Let j be (10 - (-905)/(-15))*3*-1. Suppose -4*u + 3*y - 874 = 0, 2*u - 5*y = 5*u + 670. Let k = j - u. Is k prime?
False
Let m = -98290 + 250413. Is m prime?
True
Let s(v) = v + 12. Let f be (1/3)/(2/84). Let k be s(f). Let w = k - 19. Is w composite?
False
Let b be ((-9)/18)/(2/4). Is 15616/(12/3) + b a prime number?
False
Let p(a) = 80*a**2 - 137*a - 17. Is p(36) a composite number?
False
Let k = 153 + -140. Suppose -r = k*r - 1582. Is r prime?
True
Suppose 26*p = -11*p - 0*p + 1643429. Is p a prime number?
True
Suppose -2*x + 73*x + 5*x = 2428428. Is x composite?
True
Suppose 0*k + v = k + 997, 0 = k + 4*v + 1012. Let p = k - -2397. Is p a prime number?
False
Let i = -209585 + 318658. Is i prime?
True
Let l be 2 + -1 + 0/(-2). Suppose -11*k + 76*k = 0. Is 627 - (l + (k - 3)) prime?
False
Let y(w) = 21*w**2 + 82*w - 761. Is y(24) a prime number?
False
Let n be 0 - 488354/(-18) - (-150)/675. Let r = -15474 + n. Is r a composite number?
False
Let v(r) = r**3 + 11*r**2 + 9*r - 10. Let t be v(-10). Let b(x) = -4*x + 16 - 19*x + t*x + 3. Is b(-8) a prime number?
False
Suppose -3*u + 11 = 3*a - 2*u, 5*a - 5*u = -15. Suppose -2*y + s + 528 = 0, a*y - 536 = -0*y - 3*s. Is y a composite number?
True
Let l be ((-36)/(-54))/((2/1)/96). Is 421196/38 + -3 - l/304 a prime number?
False
Let p(k) = -8*k + 4834. Is p(0) composite?
True
Let c(j) = 14912*j**2 - 183*j + 23. Is c(10) a prime number?
True
Let w(u) = -18*u**2 + 586*u - 91. Is w(27) a composite number?
False
Let u(q) = 93*q**2 - 7*q - 4. Let c be u(-6). Is c/(-3)*2/(2/(-3)) composite?
True
Suppose -232321 = 4*g + 3*y - 1317150, -3*g - 2*y = -813623. Is g prime?
True
Suppose -5 = -g - 5*z, 2*z - 13 = -2*g - 3. Suppose 22*p - 23*p + g*o + 28418 = 0, -4*p + 4*o = -113688. Is p a composite number?
True
Suppose -3573*a = -3554*a - 674081 - 2091882. Is a prime?
True
Let k = -26 + 28. Suppose -26 = -y + 5*z, 3*z = -2*y - k*y - 11. Is 164*(-54)/(-12) - y a prime number?
False
Let x(l) = -5*l**2 - l + 20. Let i(m) = 4*m**2 + 2*m - 19. Let v(g) = 6*i(g) + 5*x(g). Let a be v(7). Let w(t) = 6*t**2 - 19*t - 4. Is w(a) a prime number?
False
Let j be (16/10)/((-4)/80). Let r(w) = w**2 + 23*w + 7. Is r(j) a prime number?
False
Let f(j) = j**2 + 2*j - 8. Let c(m) = -m**2 - 11*m - 9. Let d be c(-11). Let o(s) = 5*s**2 + 8*s - 33. Let b(a) = d*f(a) + 2*o(a). Is b(-11) prime?
True
Let h be ((-363)/22)/((-639)/318 - -2). Suppose -4*l = -h - 775. Is l prime?
True
Suppose -17*f - f + 194238 = 0. Let q = f + -4750. Is q a prime number?
False
Let x(g) = -5405*g + 177. Is x(-10) composite?
True
Let t = 16854 - 4165. Is t a prime number?
True
Suppose 3*c - 5*g - 33 = 5, -5*g = -c + 6. Is 7/((-70)/4)*(-55960)/c a composite number?
False
Let v be ((-22)/33)/((-2)/9). Let h be (690/23)/(2*v/8). Is 1117*16/h*10/4 a composite number?
False
Suppose 166422 = -25*s + 1529497. Is s prime?
False
Is 7219870/385*11/2 composite?
False
Suppose -3*o = -5*o + 46. Suppose -o*m = -22*m - 2. Suppose -f - 3594 = -m*t + 3*f, -3*f - 5397 = -3*t. Is t composite?
False
Is (5 - 567610/(-15))/((-5)/(-15)) prime?
True
Is (-1411868)/(-60) + 86/(-645) a prime number?
True
Let k(p) = p**2 - 17*p + 119944. Let b be k(0). Suppose -20*y + b + 112396 = 0. Is y prime?
True
Let b(t) = 13*t**2 - 104*t - 566. Is b(-73) prime?
True
Let d = 104392 + -59141. Is d a composite number?
True
Let h(b) = -8474*b - 799. Is h(-4) a composite number?
True
Let w = -410382 + 868283. Is w a prime number?
False
Suppose 0 = 6*w - 7*w + 1. Let n be 0/15 + w*2. Suppose -n*f = 6*f - 1768. Is f composite?
True
Let c = 70564 + -9815. Is c a composite number?
True
Let u(f) = -23*f**2 - 1. Let b be u(-1). Let y = 31 + b. Suppose y*a = 811 + 15. Is a a prime number?
False
Let q = -393 + 253. Is (-6158 - -2)/(-2) - (145 + q) a prime number?
False
Let m be (-5)/15*-9*(5 - 4). Suppose 3*u - 8179 = -2*z, -3*z = m*u - 5384 - 2791. Is u composite?
False
Let t = 50868 + -29729. Is t a prime number?
True
Suppose 213*z - 8819571 - 7953658 = -998662. Is z a composite number?
True
Let k = 45 - 41. Let t = 4 - k. Suppose 5*w - 3*w - 514 = t. Is w composite?
False
Suppose -z + 149 + 43352 = 3*r, 0 = -r + 4*z + 14509. Is r a composite number?
True
Let u(f) = -9138*f - 69. Let y be u(7). Let v = y + 96218. Is v a composite number?
False
Let b be -1 - (-8 - -2) - -55. Is 0 + 29075 + b + -58 a composite number?
False
Suppose -12*t + 14 = -34. Suppose -t*m + 22 = 186. Let g = 292 + m. Is g a composite number?
False
Suppose 3*n + 2*q = 16, -3*q - 2 = 4*n - 24. Suppose -2*c = -3*r + 887, n*r - c = 4*c + 1192. Is r prime?
True
Suppose 0 = -o, 2*o = -4*d - 3*o + 79064. Let b = d - 11215. Is b a composite number?
True
Suppose 10 = -22*k + 27*k. Let v(t) = 206*t**3 + t**2 - t + 7. Is v(k) a prime number?
True
Suppose 12*f - 7685700 = 5203584. Is f composite?
False
Let u(l) = 20*l**3 + 17*l**2 - 12*l - 14. Let z be u(12). Suppose 5*w = 3*b + z, -w - b = 1111 - 8473. Is w prime?
False
Suppose -3*v + 28*v = 10*v + 9945. Suppose -5*f + 9944 = -f. Let b = f - v. Is b prime?
True
Suppose 31 = -4*g + 23. Is -1*(2*g - (8312 + 5)) a prime number?
False
Let a(s) be the second derivative of 2*s**4/3 - 17*s**3/3 - 5*s**2/2 - 26*s + 4. Let d(u) = u**2 + 7*u + 2. Let r be d(-3). Is a(r) a prime number?
False
Is (2/4)/((-2)/16) - (104 + -86921) composite?
False
Suppose b = 4*g + 15871, -4*g - 15865 = -8*b + 9*b. Is g/(-5) + (-6 - (-140)/25) prime?
False
Is (4/(80/4965))